{"id":1039,"date":"2024-08-22T15:09:36","date_gmt":"2024-08-22T13:09:36","guid":{"rendered":"https:\/\/archprojekt.de\/?page_id=1039"},"modified":"2025-02-21T12:41:26","modified_gmt":"2025-02-21T11:41:26","slug":"energieberatung-heizlastberechnung","status":"publish","type":"page","link":"https:\/\/archprojekt.de\/index.php\/energieberatung-heizlastberechnung\/","title":{"rendered":"Energieberatung &#8211; Heizlastberechnung"},"content":{"rendered":"\t\t<div data-elementor-type=\"wp-page\" data-elementor-id=\"1039\" class=\"elementor elementor-1039\" data-elementor-post-type=\"page\">\n\t\t\t\t<div class=\"elementor-element elementor-element-640f8565 e-flex e-con-boxed e-con e-parent\" data-id=\"640f8565\" data-element_type=\"container\" data-e-type=\"container\">\n\t\t\t\t\t<div class=\"e-con-inner\">\n\t\t<div class=\"elementor-element elementor-element-202a94c3 e-flex e-con-boxed e-con e-child\" data-id=\"202a94c3\" data-element_type=\"container\" data-e-type=\"container\">\n\t\t\t\t\t<div class=\"e-con-inner\">\n\t\t\t\t<div class=\"elementor-element elementor-element-217054e1 elementor-widget elementor-widget-image\" data-id=\"217054e1\" data-element_type=\"widget\" data-e-type=\"widget\" data-widget_type=\"image.default\">\n\t\t\t\t<div class=\"elementor-widget-container\">\n\t\t\t\t\t\t\t\t\t\t\t\t\t\t\t<img fetchpriority=\"high\" decoding=\"async\" width=\"800\" height=\"534\" src=\"https:\/\/archprojekt.de\/wp-content\/uploads\/2024\/08\/Heizlastberechnung.svg\" class=\"attachment-large size-large wp-image-1041\" alt=\"\" \/>\t\t\t\t\t\t\t\t\t\t\t\t\t\t\t<\/div>\n\t\t\t\t<\/div>\n\t\t\t\t<div class=\"elementor-element elementor-element-3976c027 elementor-widget elementor-widget-heading\" data-id=\"3976c027\" data-element_type=\"widget\" data-e-type=\"widget\" data-widget_type=\"heading.default\">\n\t\t\t\t<div class=\"elementor-widget-container\">\n\t\t\t\t\t<h2 class=\"elementor-heading-title elementor-size-default\">Heizlastberechnung<\/h2>\t\t\t\t<\/div>\n\t\t\t\t<\/div>\n\t\t\t\t\t<\/div>\n\t\t\t\t<\/div>\n\t\t\t\t\t<\/div>\n\t\t\t\t<\/div>\n\t\t<div class=\"elementor-element elementor-element-1034648 e-flex e-con-boxed e-con e-parent\" data-id=\"1034648\" data-element_type=\"container\" data-e-type=\"container\" data-settings=\"{&quot;background_background&quot;:&quot;classic&quot;}\">\n\t\t\t\t\t<div class=\"e-con-inner\">\n\t\t<div class=\"elementor-element elementor-element-464a7fa2 e-flex e-con-boxed e-con e-child\" data-id=\"464a7fa2\" data-element_type=\"container\" data-e-type=\"container\">\n\t\t\t\t\t<div class=\"e-con-inner\">\n\t\t\t\t<div class=\"elementor-element elementor-element-81ccc0d elementor-widget elementor-widget-text-editor\" data-id=\"81ccc0d\" data-element_type=\"widget\" data-e-type=\"widget\" data-widget_type=\"text-editor.default\">\n\t\t\t\t<div class=\"elementor-widget-container\">\n\t\t\t\t\t\t\t\t\t<p>Die Heizlastberechnung ermittelt den W\u00e4rmebedarf eines Geb\u00e4udes, der notwendig ist, um bei Au\u00dfentemperaturen das gew\u00fcnschte Raumklima zu erreichen. Diese Berechnung ist entscheidend, um eine Heizungsanlage korrekt zu dimensionieren und sicherzustellen, dass jeder Raum effizient beheizt wird, ohne unn\u00f6tig Energie zu verschwenden. Eine fehlerhafte Dimensionierung kann zu \u00fcberh\u00f6hten Energiekosten oder einem unzureichend beheizten Geb\u00e4ude f\u00fchren.<br \/><br \/>Bei der Heizlastberechnung ber\u00fccksichtigen wir alle relevanten Faktoren, wie die D\u00e4mmung der Geb\u00e4udeh\u00fclle, die Fensterfl\u00e4chen, die Luftdichtheit sowie den W\u00e4rmeverlust \u00fcber Au\u00dfenw\u00e4nde, Dach und Boden. Dadurch wird sichergestellt, dass die Heizungsanlage nicht \u00fcberdimensioniert ist, was unn\u00f6tige Kosten verursachen w\u00fcrde, aber auch nicht unterdimensioniert, was den Wohnkomfort beeintr\u00e4chtigen k\u00f6nnte.<br \/><br \/>Eine Heizlastberechnung nach DIN EN 12831 (Verfahren B) ist nicht nur f\u00fcr Neubauten erforderlich, sondern auch bei Sanierungen, insbesondere wenn energetische Ma\u00dfnahmen wie D\u00e4mmung oder der Austausch von Fenstern geplant sind.<\/p>\t\t\t\t\t\t\t\t<\/div>\n\t\t\t\t<\/div>\n\t\t\t\t\t<\/div>\n\t\t\t\t<\/div>\n\t\t\t\t\t<\/div>\n\t\t\t\t<\/div>\n\t\t<div class=\"elementor-element elementor-element-6109fd5e e-flex e-con-boxed e-con e-parent\" data-id=\"6109fd5e\" data-element_type=\"container\" data-e-type=\"container\" data-settings=\"{&quot;background_background&quot;:&quot;classic&quot;}\">\n\t\t\t\t\t<div class=\"e-con-inner\">\n\t\t<div class=\"elementor-element elementor-element-74994cb0 e-flex e-con-boxed e-con e-child\" data-id=\"74994cb0\" data-element_type=\"container\" data-e-type=\"container\">\n\t\t\t\t\t<div class=\"e-con-inner\">\n\t\t<div class=\"elementor-element elementor-element-621d6147 e-con-full e-flex e-con e-child\" data-id=\"621d6147\" data-element_type=\"container\" data-e-type=\"container\">\n\t\t\t\t<\/div>\n\t\t<div class=\"elementor-element elementor-element-5de1b304 e-con-full e-flex e-con e-child\" data-id=\"5de1b304\" data-element_type=\"container\" data-e-type=\"container\">\n\t\t\t\t<\/div>\n\t\t\t\t\t<\/div>\n\t\t\t\t<\/div>\n\t\t\t\t\t<\/div>\n\t\t\t\t<\/div>\n\t\t\t\t<\/div>\n\t\t","protected":false},"excerpt":{"rendered":"<p>Heizlastberechnung Die Heizlastberechnung ermittelt den W\u00e4rmebedarf eines Geb\u00e4udes, der notwendig ist, um bei Au\u00dfentemperaturen das gew\u00fcnschte Raumklima zu erreichen. Diese Berechnung ist entscheidend, um eine Heizungsanlage korrekt zu dimensionieren und sicherzustellen, dass jeder Raum effizient beheizt wird, ohne unn\u00f6tig Energie zu verschwenden. Eine fehlerhafte Dimensionierung kann zu \u00fcberh\u00f6hten Energiekosten oder einem unzureichend beheizten Geb\u00e4ude f\u00fchren. [&hellip;]<\/p>\n","protected":false},"author":1,"featured_media":0,"parent":0,"menu_order":0,"comment_status":"closed","ping_status":"closed","template":"elementor_header_footer","meta":{"two_page_speed":[],"footnotes":""},"class_list":["post-1039","page","type-page","status-publish","hentry"],"_links":{"self":[{"href":"https:\/\/archprojekt.de\/index.php\/wp-json\/wp\/v2\/pages\/1039","targetHints":{"allow":["GET"]}}],"collection":[{"href":"https:\/\/archprojekt.de\/index.php\/wp-json\/wp\/v2\/pages"}],"about":[{"href":"https:\/\/archprojekt.de\/index.php\/wp-json\/wp\/v2\/types\/page"}],"author":[{"embeddable":true,"href":"https:\/\/archprojekt.de\/index.php\/wp-json\/wp\/v2\/users\/1"}],"replies":[{"embeddable":true,"href":"https:\/\/archprojekt.de\/index.php\/wp-json\/wp\/v2\/comments?post=1039"}],"version-history":[{"count":7,"href":"https:\/\/archprojekt.de\/index.php\/wp-json\/wp\/v2\/pages\/1039\/revisions"}],"predecessor-version":[{"id":2539,"href":"https:\/\/archprojekt.de\/index.php\/wp-json\/wp\/v2\/pages\/1039\/revisions\/2539"}],"wp:attachment":[{"href":"https:\/\/archprojekt.de\/index.php\/wp-json\/wp\/v2\/media?parent=1039"}],"curies":[{"name":"wp","href":"https:\/\/api.w.org\/{rel}","templated":true}]}}